{"id":277,"date":"2025-11-11T11:53:35","date_gmt":"2025-11-11T11:53:35","guid":{"rendered":"https:\/\/mamendelacruz.com\/inicio\/?page_id=277"},"modified":"2025-11-11T12:03:08","modified_gmt":"2025-11-11T12:03:08","slug":"politica-de-cookies","status":"publish","type":"page","link":"https:\/\/mamendelacruz.com\/inicio\/politica-de-cookies\/","title":{"rendered":"Pol\u00edtica de Cookies"},"content":{"rendered":"\t\t<div data-elementor-type=\"wp-page\" data-elementor-id=\"277\" class=\"elementor elementor-277\" data-elementor-post-type=\"page\">\n\t\t\t\t<div class=\"elementor-element elementor-element-5fff8e9 e-flex e-con-boxed e-con e-parent\" data-id=\"5fff8e9\" data-element_type=\"container\" data-e-type=\"container\">\n\t\t\t\t\t<div class=\"e-con-inner\">\n\t\t\t\t<div class=\"elementor-element elementor-element-ca822db elementor-widget elementor-widget-text-editor\" data-id=\"ca822db\" data-element_type=\"widget\" data-e-type=\"widget\" data-widget_type=\"text-editor.default\">\n\t\t\t\t\t\t\t\t\t<p data-start=\"391\" data-end=\"436\"><strong data-start=\"391\" data-end=\"416\">\u00daltima actualizaci\u00f3n:<\/strong> noviembre de 2025<\/p><p data-start=\"438\" data-end=\"687\">En cumplimiento de lo dispuesto en el art\u00edculo 22.2 de la <strong data-start=\"496\" data-end=\"595\">Ley 34\/2002, de Servicios de la Sociedad de la Informaci\u00f3n y del Comercio Electr\u00f3nico (LSSI-CE)<\/strong>, esta p\u00e1gina web informa al usuario sobre la pol\u00edtica de recogida y tratamiento de cookies.<\/p><h3 data-start=\"694\" data-end=\"722\">1. \u00bfQu\u00e9 son las cookies?<\/h3><p data-start=\"724\" data-end=\"988\">Las cookies son peque\u00f1os archivos que se almacenan en el dispositivo del usuario cuando navega por una p\u00e1gina web.<br data-start=\"838\" data-end=\"841\" \/>Sirven para reconocer el navegador del usuario, recordar sus preferencias y, en algunos casos, obtener informaci\u00f3n sobre sus h\u00e1bitos de navegaci\u00f3n.<\/p><h3 data-start=\"995\" data-end=\"1029\">2. Tipos de cookies utilizadas<\/h3><p data-start=\"1031\" data-end=\"1120\">Este sitio web utiliza <strong data-start=\"1054\" data-end=\"1087\">cookies propias y de terceros<\/strong>, con las siguientes finalidades:<\/p><div class=\"_tableContainer_1rjym_1\"><div class=\"group _tableWrapper_1rjym_13 flex w-fit flex-col-reverse\" tabindex=\"-1\"><table class=\"w-fit min-w-(--thread-content-width)\" data-start=\"1122\" data-end=\"1657\"><thead data-start=\"1122\" data-end=\"1183\"><tr data-start=\"1122\" data-end=\"1183\"><th data-start=\"1122\" data-end=\"1139\" data-col-size=\"sm\">Tipo de cookie<\/th><th data-start=\"1139\" data-end=\"1149\" data-col-size=\"sm\">Titular<\/th><th data-start=\"1149\" data-end=\"1161\" data-col-size=\"lg\">Finalidad<\/th><th data-start=\"1161\" data-end=\"1172\" data-col-size=\"sm\">Duraci\u00f3n<\/th><th data-start=\"1172\" data-end=\"1183\" data-col-size=\"sm\">Ejemplo<\/th><\/tr><\/thead><tbody data-start=\"1250\" data-end=\"1657\"><tr data-start=\"1250\" data-end=\"1452\"><td data-start=\"1250\" data-end=\"1278\" data-col-size=\"sm\"><strong data-start=\"1252\" data-end=\"1277\">T\u00e9cnicas o necesarias<\/strong><\/td><td data-col-size=\"sm\" data-start=\"1278\" data-end=\"1288\">Propias<\/td><td data-col-size=\"lg\" data-start=\"1288\" data-end=\"1403\">Permiten la navegaci\u00f3n y el uso de las funciones esenciales del sitio web (como recordar la sesi\u00f3n o el idioma).<\/td><td data-col-size=\"sm\" data-start=\"1403\" data-end=\"1412\">Sesi\u00f3n<\/td><td data-col-size=\"sm\" data-start=\"1412\" data-end=\"1452\"><code data-start=\"1414\" data-end=\"1425\">elementor<\/code>, <code data-start=\"1427\" data-end=\"1450\">wordpress_test_cookie<\/code><\/td><\/tr><tr data-start=\"1453\" data-end=\"1657\"><td data-start=\"1453\" data-end=\"1482\" data-col-size=\"sm\"><strong data-start=\"1455\" data-end=\"1481\">De an\u00e1lisis o medici\u00f3n<\/strong><\/td><td data-col-size=\"sm\" data-start=\"1482\" data-end=\"1514\">Google Analytics (Google LLC)<\/td><td data-col-size=\"lg\" data-start=\"1514\" data-end=\"1623\">Permiten analizar el uso del sitio web y mejorar su rendimiento. Se recopila informaci\u00f3n de forma an\u00f3nima.<\/td><td data-col-size=\"sm\" data-start=\"1623\" data-end=\"1632\">2 a\u00f1os<\/td><td data-col-size=\"sm\" data-start=\"1632\" data-end=\"1657\"><code data-start=\"1634\" data-end=\"1639\">_ga<\/code>, <code data-start=\"1641\" data-end=\"1647\">_gid<\/code>, <code data-start=\"1649\" data-end=\"1655\">_gat<\/code><\/td><\/tr><\/tbody><\/table><\/div><\/div><blockquote data-start=\"1659\" data-end=\"1738\"><p data-start=\"1661\" data-end=\"1738\">\u26a0\ufe0f Este sitio web <strong data-start=\"1679\" data-end=\"1737\">no utiliza cookies publicitarias ni de personalizaci\u00f3n<\/strong>.<\/p><\/blockquote><h3 data-start=\"1745\" data-end=\"1771\">3. Cookies de terceros<\/h3><p data-start=\"1773\" data-end=\"1907\">El sitio web utiliza servicios de terceros, principalmente <strong data-start=\"1832\" data-end=\"1852\">Google Analytics<\/strong>, para recopilar estad\u00edsticas an\u00f3nimas de navegaci\u00f3n.<\/p><p data-start=\"1909\" data-end=\"2304\"><strong data-start=\"1909\" data-end=\"1923\">Proveedor:<\/strong> Google LLC<br data-start=\"1934\" data-end=\"1937\" \/><strong data-start=\"1937\" data-end=\"1951\">Finalidad:<\/strong> An\u00e1lisis estad\u00edstico del uso del sitio web.<br data-start=\"1995\" data-end=\"1998\" \/><strong data-start=\"1998\" data-end=\"2018\">M\u00e1s informaci\u00f3n:<\/strong> <a class=\"decorated-link\" href=\"https:\/\/policies.google.com\/privacy?hl=es\" target=\"_new\" rel=\"noopener\" data-start=\"2019\" data-end=\"2096\">Pol\u00edtica de privacidad de Google<\/a><br data-start=\"2096\" data-end=\"2099\" \/><strong data-start=\"2099\" data-end=\"2134\">Transferencias internacionales:<\/strong> Google puede tratar los datos en EE. UU. bajo las <strong data-start=\"2185\" data-end=\"2217\">Cl\u00e1usulas Contractuales Tipo<\/strong> o el <strong data-start=\"2223\" data-end=\"2257\">EU-U.S. Data Privacy Framework<\/strong>, garantizando un nivel adecuado de protecci\u00f3n.<\/p><h3 data-start=\"2311\" data-end=\"2332\">4. Consentimiento<\/h3><p data-start=\"2334\" data-end=\"2429\">Al acceder a esta web por primera vez, aparecer\u00e1 un <strong data-start=\"2386\" data-end=\"2416\">banner de aviso de cookies<\/strong> que permite:<\/p><ul data-start=\"2431\" data-end=\"2547\"><li data-start=\"2431\" data-end=\"2461\"><p data-start=\"2433\" data-end=\"2461\">Aceptar todas las cookies.<\/p><\/li><li data-start=\"2462\" data-end=\"2507\"><p data-start=\"2464\" data-end=\"2507\">Rechazar todas las cookies no necesarias.<\/p><\/li><li data-start=\"2508\" data-end=\"2547\"><p data-start=\"2510\" data-end=\"2547\">Configurar preferencias individuales.<\/p><\/li><\/ul><p data-start=\"2549\" data-end=\"2729\">El usuario puede <strong data-start=\"2566\" data-end=\"2607\">modificar o retirar su consentimiento<\/strong> en cualquier momento desde el enlace visible en el pie de p\u00e1gina (\u201cConfiguraci\u00f3n de cookies\u201d o \u201cRevisar consentimiento\u201d).<\/p><p data-start=\"2731\" data-end=\"2847\">Las cookies t\u00e9cnicas no requieren consentimiento previo, ya que son necesarias para el funcionamiento del sitio web.<\/p><h3 data-start=\"2854\" data-end=\"2907\">5. C\u00f3mo modificar la configuraci\u00f3n de las cookies<\/h3><p data-start=\"2909\" data-end=\"3109\">El usuario puede permitir, bloquear o eliminar las cookies instaladas en su dispositivo configurando las opciones del navegador.<br data-start=\"3037\" data-end=\"3040\" \/>A continuaci\u00f3n, se indican los enlaces a los principales navegadores:<\/p><ul data-start=\"3111\" data-end=\"3432\"><li data-start=\"3111\" data-end=\"3184\"><p data-start=\"3113\" data-end=\"3184\"><a class=\"decorated-link cursor-pointer\" target=\"_new\" rel=\"noopener\" data-start=\"3113\" data-end=\"3182\">Google Chrome<\/a><\/p><\/li><li data-start=\"3185\" data-end=\"3258\"><p data-start=\"3187\" data-end=\"3258\"><a class=\"decorated-link\" href=\"https:\/\/support.mozilla.org\/es\/kb\/Borrar%20cookies\" target=\"_new\" rel=\"noopener\" data-start=\"3187\" data-end=\"3256\">Mozilla Firefox<\/a><\/p><\/li><li data-start=\"3259\" data-end=\"3331\"><p data-start=\"3261\" data-end=\"3331\"><a class=\"decorated-link\" href=\"https:\/\/support.apple.com\/es-es\/guide\/safari\/sfri11471\/mac\" target=\"_new\" rel=\"noopener\" data-start=\"3261\" data-end=\"3329\">Safari<\/a><\/p><\/li><li data-start=\"3332\" data-end=\"3432\"><p data-start=\"3334\" data-end=\"3432\"><a class=\"decorated-link cursor-pointer\" target=\"_new\" rel=\"noopener\" data-start=\"3334\" data-end=\"3430\">Microsoft Edge<\/a><\/p><\/li><\/ul><p data-start=\"3434\" data-end=\"3531\">Si se desactivan las cookies, algunas funcionalidades del sitio web podr\u00edan no estar disponibles.<\/p><h3 data-start=\"3538\" data-end=\"3584\">6. Transferencias internacionales de datos<\/h3><p data-start=\"3586\" data-end=\"3874\">El uso de Google Analytics implica posibles <strong data-start=\"3630\" data-end=\"3673\">transferencias internacionales de datos<\/strong> a servidores de Google en Estados Unidos.<br data-start=\"3715\" data-end=\"3718\" \/>Estas transferencias se realizan conforme al <strong data-start=\"3763\" data-end=\"3797\">EU-U.S. Data Privacy Framework<\/strong> o a las <strong data-start=\"3806\" data-end=\"3838\">Cl\u00e1usulas Contractuales Tipo<\/strong>, aprobadas por la Comisi\u00f3n Europea.<\/p><h3 data-start=\"3881\" data-end=\"3913\">7. Conservaci\u00f3n de los datos<\/h3><p data-start=\"3915\" data-end=\"4059\">Los datos derivados del uso de cookies se conservan durante un m\u00e1ximo de <strong data-start=\"3988\" data-end=\"4000\">24 meses<\/strong>, tras lo cual se eliminan autom\u00e1ticamente o se anonimizan.<\/p><h3 data-start=\"4066\" data-end=\"4112\">8. Actualizaci\u00f3n de la pol\u00edtica de cookies<\/h3><p data-start=\"4114\" data-end=\"4355\">Mamen De la Cruz podr\u00e1 modificar esta Pol\u00edtica de Cookies para adaptarla a cambios normativos o a nuevas directrices de la AEPD.<br data-start=\"4242\" data-end=\"4245\" \/>Se recomienda al usuario revisar peri\u00f3dicamente esta p\u00e1gina para mantenerse informado sobre el uso de cookies.<\/p><h3 data-start=\"4362\" data-end=\"4377\">9. Contacto<\/h3><p data-start=\"4379\" data-end=\"4559\">Si tienes dudas sobre esta Pol\u00edtica de Cookies o sobre el tratamiento de tus datos personales, puedes contactar en:<br data-start=\"4494\" data-end=\"4497\" \/>\ud83d\udce9 <strong data-start=\"4500\" data-end=\"4559\"><a class=\"decorated-link cursor-pointer\" rel=\"noopener\" data-start=\"4502\" data-end=\"4557\">info@mamendelacruz.com<\/a><\/strong><\/p>\t\t\t\t\t\t\t\t<\/div>\n\t\t\t\t\t<\/div>\n\t\t\t\t<\/div>\n\t\t\t\t<\/div>\n\t\t","protected":false},"excerpt":{"rendered":"<p>\u00daltima actualizaci\u00f3n: noviembre de 2025 En cumplimiento de lo dispuesto en el art\u00edculo 22.2 de la Ley 34\/2002, de Servicios de la Sociedad de la Informaci\u00f3n y del Comercio Electr\u00f3nico (LSSI-CE), esta p\u00e1gina web informa al usuario sobre la pol\u00edtica de recogida y tratamiento de cookies. 1. \u00bfQu\u00e9 son las cookies? Las cookies son peque\u00f1os [&hellip;]<\/p>\n","protected":false},"author":1,"featured_media":0,"parent":0,"menu_order":0,"comment_status":"closed","ping_status":"closed","template":"","meta":{"footnotes":""},"class_list":["post-277","page","type-page","status-publish","hentry"],"yoast_head":"<!-- This site is optimized with the Yoast SEO plugin v27.5 - https:\/\/yoast.com\/product\/yoast-seo-wordpress\/ -->\n<title>Pol\u00edtica de Cookies - mamendelacruz.com<\/title>\n<meta name=\"robots\" content=\"index, follow, max-snippet:-1, max-image-preview:large, max-video-preview:-1\" \/>\n<link rel=\"canonical\" href=\"https:\/\/mamendelacruz.com\/inicio\/politica-de-cookies\/\" \/>\n<meta property=\"og:locale\" content=\"es_ES\" \/>\n<meta property=\"og:type\" content=\"article\" \/>\n<meta property=\"og:title\" content=\"Pol\u00edtica de Cookies - mamendelacruz.com\" \/>\n<meta property=\"og:description\" content=\"\u00daltima actualizaci\u00f3n: noviembre de 2025 En cumplimiento de lo dispuesto en el art\u00edculo 22.2 de la Ley 34\/2002, de Servicios de la Sociedad de la Informaci\u00f3n y del Comercio Electr\u00f3nico (LSSI-CE), esta p\u00e1gina web informa al usuario sobre la pol\u00edtica de recogida y tratamiento de cookies. 1. \u00bfQu\u00e9 son las cookies? Las cookies son peque\u00f1os [&hellip;]\" \/>\n<meta property=\"og:url\" content=\"https:\/\/mamendelacruz.com\/inicio\/politica-de-cookies\/\" \/>\n<meta property=\"og:site_name\" content=\"mamendelacruz.com\" \/>\n<meta property=\"article:modified_time\" content=\"2025-11-11T12:03:08+00:00\" \/>\n<meta name=\"twitter:card\" content=\"summary_large_image\" \/>\n<meta name=\"twitter:label1\" content=\"Tiempo de lectura\" \/>\n\t<meta name=\"twitter:data1\" content=\"3 minutos\" \/>\n<script type=\"application\/ld+json\" class=\"yoast-schema-graph\">{\"@context\":\"https:\\\/\\\/schema.org\",\"@graph\":[{\"@type\":\"WebPage\",\"@id\":\"https:\\\/\\\/mamendelacruz.com\\\/inicio\\\/politica-de-cookies\\\/\",\"url\":\"https:\\\/\\\/mamendelacruz.com\\\/inicio\\\/politica-de-cookies\\\/\",\"name\":\"Pol\u00edtica de Cookies - mamendelacruz.com\",\"isPartOf\":{\"@id\":\"https:\\\/\\\/mamendelacruz.com\\\/inicio\\\/#website\"},\"datePublished\":\"2025-11-11T11:53:35+00:00\",\"dateModified\":\"2025-11-11T12:03:08+00:00\",\"breadcrumb\":{\"@id\":\"https:\\\/\\\/mamendelacruz.com\\\/inicio\\\/politica-de-cookies\\\/#breadcrumb\"},\"inLanguage\":\"es\",\"potentialAction\":[{\"@type\":\"ReadAction\",\"target\":[\"https:\\\/\\\/mamendelacruz.com\\\/inicio\\\/politica-de-cookies\\\/\"]}]},{\"@type\":\"BreadcrumbList\",\"@id\":\"https:\\\/\\\/mamendelacruz.com\\\/inicio\\\/politica-de-cookies\\\/#breadcrumb\",\"itemListElement\":[{\"@type\":\"ListItem\",\"position\":1,\"name\":\"Portada\",\"item\":\"https:\\\/\\\/mamendelacruz.com\\\/inicio\\\/\"},{\"@type\":\"ListItem\",\"position\":2,\"name\":\"Pol\u00edtica de Cookies\"}]},{\"@type\":\"WebSite\",\"@id\":\"https:\\\/\\\/mamendelacruz.com\\\/inicio\\\/#website\",\"url\":\"https:\\\/\\\/mamendelacruz.com\\\/inicio\\\/\",\"name\":\"mamendelacruz.com\",\"description\":\"Mamen de la Cruz es mentora en transformaci\u00f3n personal y profesional. Acompa\u00f1a a personas y negocios a reconectar con su autenticidad, equilibrar mente, emoci\u00f3n y energ\u00eda, y vivir con prop\u00f3sito. A trav\u00e9s de mentor\u00edas, talleres y su libro, ofrece un camino real hacia la claridad, la calma y la acci\u00f3n consciente.\",\"publisher\":{\"@id\":\"https:\\\/\\\/mamendelacruz.com\\\/inicio\\\/#organization\"},\"potentialAction\":[{\"@type\":\"SearchAction\",\"target\":{\"@type\":\"EntryPoint\",\"urlTemplate\":\"https:\\\/\\\/mamendelacruz.com\\\/inicio\\\/?s={search_term_string}\"},\"query-input\":{\"@type\":\"PropertyValueSpecification\",\"valueRequired\":true,\"valueName\":\"search_term_string\"}}],\"inLanguage\":\"es\"},{\"@type\":\"Organization\",\"@id\":\"https:\\\/\\\/mamendelacruz.com\\\/inicio\\\/#organization\",\"name\":\"mamendelacruz.com\",\"url\":\"https:\\\/\\\/mamendelacruz.com\\\/inicio\\\/\",\"logo\":{\"@type\":\"ImageObject\",\"inLanguage\":\"es\",\"@id\":\"https:\\\/\\\/mamendelacruz.com\\\/inicio\\\/#\\\/schema\\\/logo\\\/image\\\/\",\"url\":\"https:\\\/\\\/mamendelacruz.com\\\/wp-content\\\/uploads\\\/2025\\\/10\\\/Logo-mamen-de-la-cruz.png\",\"contentUrl\":\"https:\\\/\\\/mamendelacruz.com\\\/wp-content\\\/uploads\\\/2025\\\/10\\\/Logo-mamen-de-la-cruz.png\",\"width\":1080,\"height\":1080,\"caption\":\"mamendelacruz.com\"},\"image\":{\"@id\":\"https:\\\/\\\/mamendelacruz.com\\\/inicio\\\/#\\\/schema\\\/logo\\\/image\\\/\"}}]}<\/script>\n<!-- \/ Yoast SEO plugin. -->","yoast_head_json":{"title":"Pol\u00edtica de Cookies - mamendelacruz.com","robots":{"index":"index","follow":"follow","max-snippet":"max-snippet:-1","max-image-preview":"max-image-preview:large","max-video-preview":"max-video-preview:-1"},"canonical":"https:\/\/mamendelacruz.com\/inicio\/politica-de-cookies\/","og_locale":"es_ES","og_type":"article","og_title":"Pol\u00edtica de Cookies - mamendelacruz.com","og_description":"\u00daltima actualizaci\u00f3n: noviembre de 2025 En cumplimiento de lo dispuesto en el art\u00edculo 22.2 de la Ley 34\/2002, de Servicios de la Sociedad de la Informaci\u00f3n y del Comercio Electr\u00f3nico (LSSI-CE), esta p\u00e1gina web informa al usuario sobre la pol\u00edtica de recogida y tratamiento de cookies. 1. \u00bfQu\u00e9 son las cookies? Las cookies son peque\u00f1os [&hellip;]","og_url":"https:\/\/mamendelacruz.com\/inicio\/politica-de-cookies\/","og_site_name":"mamendelacruz.com","article_modified_time":"2025-11-11T12:03:08+00:00","twitter_card":"summary_large_image","twitter_misc":{"Tiempo de lectura":"3 minutos"},"schema":{"@context":"https:\/\/schema.org","@graph":[{"@type":"WebPage","@id":"https:\/\/mamendelacruz.com\/inicio\/politica-de-cookies\/","url":"https:\/\/mamendelacruz.com\/inicio\/politica-de-cookies\/","name":"Pol\u00edtica de Cookies - mamendelacruz.com","isPartOf":{"@id":"https:\/\/mamendelacruz.com\/inicio\/#website"},"datePublished":"2025-11-11T11:53:35+00:00","dateModified":"2025-11-11T12:03:08+00:00","breadcrumb":{"@id":"https:\/\/mamendelacruz.com\/inicio\/politica-de-cookies\/#breadcrumb"},"inLanguage":"es","potentialAction":[{"@type":"ReadAction","target":["https:\/\/mamendelacruz.com\/inicio\/politica-de-cookies\/"]}]},{"@type":"BreadcrumbList","@id":"https:\/\/mamendelacruz.com\/inicio\/politica-de-cookies\/#breadcrumb","itemListElement":[{"@type":"ListItem","position":1,"name":"Portada","item":"https:\/\/mamendelacruz.com\/inicio\/"},{"@type":"ListItem","position":2,"name":"Pol\u00edtica de Cookies"}]},{"@type":"WebSite","@id":"https:\/\/mamendelacruz.com\/inicio\/#website","url":"https:\/\/mamendelacruz.com\/inicio\/","name":"mamendelacruz.com","description":"Mamen de la Cruz es mentora en transformaci\u00f3n personal y profesional. Acompa\u00f1a a personas y negocios a reconectar con su autenticidad, equilibrar mente, emoci\u00f3n y energ\u00eda, y vivir con prop\u00f3sito. A trav\u00e9s de mentor\u00edas, talleres y su libro, ofrece un camino real hacia la claridad, la calma y la acci\u00f3n consciente.","publisher":{"@id":"https:\/\/mamendelacruz.com\/inicio\/#organization"},"potentialAction":[{"@type":"SearchAction","target":{"@type":"EntryPoint","urlTemplate":"https:\/\/mamendelacruz.com\/inicio\/?s={search_term_string}"},"query-input":{"@type":"PropertyValueSpecification","valueRequired":true,"valueName":"search_term_string"}}],"inLanguage":"es"},{"@type":"Organization","@id":"https:\/\/mamendelacruz.com\/inicio\/#organization","name":"mamendelacruz.com","url":"https:\/\/mamendelacruz.com\/inicio\/","logo":{"@type":"ImageObject","inLanguage":"es","@id":"https:\/\/mamendelacruz.com\/inicio\/#\/schema\/logo\/image\/","url":"https:\/\/mamendelacruz.com\/wp-content\/uploads\/2025\/10\/Logo-mamen-de-la-cruz.png","contentUrl":"https:\/\/mamendelacruz.com\/wp-content\/uploads\/2025\/10\/Logo-mamen-de-la-cruz.png","width":1080,"height":1080,"caption":"mamendelacruz.com"},"image":{"@id":"https:\/\/mamendelacruz.com\/inicio\/#\/schema\/logo\/image\/"}}]}},"_hostinger_reach_plugin_has_subscription_block":false,"_hostinger_reach_plugin_is_elementor":false,"_links":{"self":[{"href":"https:\/\/mamendelacruz.com\/inicio\/wp-json\/wp\/v2\/pages\/277","targetHints":{"allow":["GET"]}}],"collection":[{"href":"https:\/\/mamendelacruz.com\/inicio\/wp-json\/wp\/v2\/pages"}],"about":[{"href":"https:\/\/mamendelacruz.com\/inicio\/wp-json\/wp\/v2\/types\/page"}],"author":[{"embeddable":true,"href":"https:\/\/mamendelacruz.com\/inicio\/wp-json\/wp\/v2\/users\/1"}],"replies":[{"embeddable":true,"href":"https:\/\/mamendelacruz.com\/inicio\/wp-json\/wp\/v2\/comments?post=277"}],"version-history":[{"count":9,"href":"https:\/\/mamendelacruz.com\/inicio\/wp-json\/wp\/v2\/pages\/277\/revisions"}],"predecessor-version":[{"id":288,"href":"https:\/\/mamendelacruz.com\/inicio\/wp-json\/wp\/v2\/pages\/277\/revisions\/288"}],"wp:attachment":[{"href":"https:\/\/mamendelacruz.com\/inicio\/wp-json\/wp\/v2\/media?parent=277"}],"curies":[{"name":"wp","href":"https:\/\/api.w.org\/{rel}","templated":true}]}}